s of (8*(-6)/(-10))/((-6)/(-80))?
2
Suppose -34 = -5*p + 21. Suppose t + p = 4*g, 2*g - 15 = 4*t + 1. Suppose -g*v = 2*r - 24, -3*v - 13 = -r - 1. List the prime factors of r.
2, 3
Suppose 0 = 4*k + 2*l + 20, -2*l + 40 = -2*k + 18. Let m = k + 10. List the prime factors of m.
3
Let g = 28 + 40. Suppose 2*p + 2*p - g = 0. What are the prime factors of p?
17
Suppose -5*q + 3*r - 8 = 7, -2*q + r = 5. Suppose -c - 4*w = -39 + 4, q = -2*w + 10. Suppose -p = 2*p - c. What are the prime factors of p?
5
Let m = -20 - -208. What are the prime factors of m?
2, 47
Let o(l) = 0 + 2 + 3*l**2 + 4*l + 0 - 1. Let i be o(-3). Suppose -c - i = -5*c. List the prime factors of c.
2
Let t = -3 + 35. List the prime factors of t.
2
Let c(v) be the first derivative of 7*v**3/3 - 6*v - 3. Let h(b) = 3*b**2 - 3. Let d(t) = 2*c(t) - 5*h(t). List the prime factors of d(0).
3
Suppose -l + 1 + 3 = 0. Suppose -l*d + 4*j + 80 = -0*j, -3*j = -5*d + 100. Let q = -8 + d. List the prime factors of q.
2, 3
Suppose 4*v - 7*v + 42 = 0. Suppose 0 = v*f - 12*f - 62. List the prime factors of f.
31
Let p(i) = i**3 - 12*i**2 + i - 15. Let s be p(12). Let x be (-8)/1*3/s. What are the prime factors of (-3)/12 + 74/x?
3
List the prime factors of (-14)/35 + 591/15.
3, 13
Let j = -5 - 6. Let q = j - -15. Suppose 0 = 3*l - 5*z - 1 - 39, 5*z = q*l - 45. What are the prime factors of l?
5
Let a(r) = 4*r + 1. List the prime factors of a(5).
3, 7
Let u be -5 - ((0 - -2) + -3). Let w be 12/(-2)*u/(-6). What are the prime factors of 2/w - 50/(-4)?
2, 3
Suppose 6*c = 5*c + 4. Let f(a) = 8*a - 2. Let y be f(c). Suppose -x = -5*r - y, 4*x - 2*r + r - 44 = 0. List the prime factors of x.
2, 5
Let m = 3 - 1. Suppose 40 = m*t + 14. List the prime factors of t.
13
Let j(a) = -a**3 + 11*a**2 - 13*a + 11. What are the prime factors of j(8)?
3, 11
Let p(g) = -g**3 + 3*g**2 + 2*g - 4. Let k be p(3). Suppose 0 = k*j - 9 - 1. What are the prime factors of j?
5
Let u(g) = -g**3 + 7*g**2 - 5*g - 10. List the prime factors of u(5).
3, 5
Suppose -3*c = -4 + 1. Suppose -2*v + 23 = -5*u, -v = 4*u - 3*u - c. Suppose v*w = 2*w + 12. List the prime factors of w.
2, 3
Let r(a) = 2*a**2 + 2*a + 4. Let y = -13 - -10. List the prime factors of r(y).
2
Let j(m) = -3*m + 7. Let k be j(-5). Let o = -8 + k. What are the prime factors of o?
2, 7
Suppose -o - o = s + 4, -5*o + 2*s = -8. Suppose o = 5*p - 2*c - 19, 0 = -4*c - 4 - 4. List the prime factors of p.
3
Let n(p) = -p**3 - 8*p**2 + 7*p - 4. What are the prime factors of n(-9)?
2, 7
Let g(q) = 136*q - 11. What are the prime factors of g(1)?
5
Let h = 46 + -18. Suppose -2*q + 6*q = 68. Let u = h - q. List the prime factors of u.
11
Let q(h) = 2*h**2 + 10*h - 1. List the prime factors of q(-7).
3
Suppose -2*y - 4*b = 3*y - 28, 2*y + 2 = 5*b. Suppose 5*v - 2*v - 66 = -y*x, -x = -3*v + 51. What are the prime factors of v?
2, 3
Suppose -m - 28 = -5*m. What are the prime factors of m?
7
Let g be (6/4 - 0)*2. Suppose -g*c = -8*c + 30. Let w(x) = x - 3. What are the prime factors of w(c)?
3
Suppose 2 = -f, -2*l - 7 = -l + 5*f. Suppose -l - 5 = -4*n. List the prime factors of n.
2
Suppose -140 = -2*v - 5*w, 4*v - 80 = 3*v - 5*w. What are the prime factors of v?
2, 3, 5
Suppose -3*o = -1 - 2. Let s be 3*(o - 62/(-6)). Suppose 0 = -5*l - h + s + 54, 0 = 3*h - 9. What are the prime factors of l?
17
Suppose -3 = -s + x - 2, -4*x + 24 = 3*s. Suppose -28 = -s*y - m, -y + 7 = -5*m - 0*m. What are the prime factors of y?
7
Suppose u = -4*u. Suppose 0 = -u*q + 2*q - 30. List the prime factors of q.
3, 5
Let g be (0 - (-2)/5)*-5. List the prime factors of 20/g*5/(-2).
5
Let w be 44/36 - 4/18. Suppose -9 = -g + w. List the prime factors of g.
2, 5
Let b be ((-171)/(-3))/(-3)*-1. Let v = b + -9. What are the prime factors of v?
2, 5
What are the prime factors of (-331)/(-4) - 1*5/(-20)?
83
Suppose -3*g - 26 = -g. What are the prime factors of (g - -1)/(9/(-6))?
2
Suppose 8*c = 3*r + 3*c - 136, -5*r + 3*c + 216 = 0. What are the prime factors of r?
2, 3, 7
List the prime factors of 14 - ((-11)/5 + (-1)/(-5)).
2
Let n = 4 + -6. Let b(z) = -3*z - 2. Let h be b(n). What are the prime factors of 9/5 + h/20?
2
Suppose 28 = 2*j - 5*f, 2*j = 7*j + 5*f. Suppose -i - j*i = -85. Suppose 2*p = -5*y + 11, i = 5*p + 3*y - 39. What are the prime factors of p?
13
Let q(i) be the first derivative of i**3/3 + 5*i**2/2 - 4*i - 1. What are the prime factors of q(-6)?
2
Suppose x - 115 + 2 = 0. What are the prime factors of x?
113
Let r(h) = -h**3 + 5*h**2. Let t be r(5). Suppose t = -3*p - 2*a + 59, p + 0*a = -5*a + 24. List the prime factors of p.
19
Let x = -76 - -189. What are the prime factors of x?
113
Suppose -3 = g, -5*l - 3*g + 11 = -0*g. Let h = 11 + l. Let n = 21 - h. What are the prime factors of n?
2, 3
Suppose -3*w + 32 = -3*r + 2*w, -5*w = -r - 24. List the prime factors of (0 + (-6)/r)*10.
3, 5
Let s = 1 + 8. Suppose -2*i - 4*l = -12, 3*l + 0 = -3*i + s. Suppose i = d + 2*t - 16, 3*d + 4*t - 74 = -2*d. List the prime factors of d.
2, 7
List the prime factors of -42*(0 + 1)*(3 + -4).
2, 3, 7
Suppose -5*z + 0*d = 5*d - 275, 2*z + 3*d - 113 = 0. What are the prime factors of z?
2, 13
Let q(c) = -c**3 + 7*c**2 - 4*c + 6. List the prime factors of q(6).
2, 3
What are the prime factors of (-8 + 5)*(-29)/3?
29
Suppose 4*o - 2*g = 4, -o - 5*g = -3*g - 6. Suppose o*v - 20 = -0*v. Suppose -v = -m - 2. List the prime factors of m.
2
Let w = -3 - -40. What are the prime factors of w?
37
Let x(m) = m**2 + 16*m + 6. Let h be x(-16). Suppose 0 = -0*k - k + 6. Suppose -h*n + n + 16 = 3*q, 0 = -2*n + 5*q - k. What are the prime factors of n?
2
Let y(v) = -v**3 - v**2 + 3. Let i be y(-3). Suppose 3*u = 3 + i. What are the prime factors of u/1 - -1 - 3?
2, 3
Let t(y) be the first derivative of -y**3/3 - 3*y**2 + 4*y - 4. Let p be t(-6). Suppose 17 + 23 = p*l. What are the prime factors of l?
2, 5
Suppose -2*m - 3*m + 15 = 0. Suppose -m*l + 10 = -20. What are the prime factors of l?
2, 5
Let h(c) = -c**3 + 2*c**2 + 3*c + 3. Suppose -5*y - 10 = -0*y. List the prime factors of h(y).
13
Let a(j) = j**3 + 13*j**2 + 6*j + 14. List the prime factors of a(-10).
2, 127
Let j(b) be the third derivative of -b**4/24 + b**3/2 + 2*b**2. Let s be j(6). List the prime factors of ((-11)/s)/((-1)/(-3)).
11
Suppose 2*d - 175 = -s, 158 = 4*d - s - 207. What are the prime factors of d?
2, 3, 5
Let f(m) = m**3 + 10*m**2 - 12*m - 11. Let l be f(-11). Let p(j) = j + 3. Let h be p(l). Suppose h*k - 2 = -c, 5*k = 5*c + k - 10. List the prime factors of c.
2
Let j = -120 + 239. List the prime factors of j.
7, 17
List the prime factors of ((-3)/(-6))/((-1)/(-38)).
19
Let f be (2/4)/(4/(-8)). Let r = f - -21. Suppose -5*z + r = -15. What are the prime factors of z?
7
Suppose -13*k + 1677 + 936 = 0. List the prime factors of k.
3, 67
Let z = 121 - 31. List the prime factors of z.
2, 3, 5
Let o(j) = j**3 + 4*j**2 - 6*j - 7. Let q be o(-5). What are the prime factors of 0 + -1 - (-1 + q)?
2
Suppose 0 = 5*p - 0*p - 25. Suppose 0 = u - p, -2*u = -h - 2*h + 32. List the prime factors of h.
2, 7
Suppose 4*h - h + 72 = 3*b, -5*b + 75 = 4*h. What are the prime factors of b?
19
Let i = -91 + 202. What are the prime factors of i?
3, 37
Suppose -2*t - 4*m + 24 = 0, -4*t + 2*m - 3*m = -48. Suppose -4*k + 21 = -k. Let u = t - k. What are the prime factors of u?
5
Suppose 4*f - 4 = -0*f. Let d be (15/9)/(f/18). Suppose -5*s + 10*s - d = 0. List the prime factors of s.
2, 3
Suppose 0 = -o - 4, 3*o - 2*o = 5*z - 344. Let s = z + -41. List the prime factors of (s/(-6))/(2/(-4)).
3
Suppose 3 = -5*s - 2. Let z(m) = m + 13. Let c be z(-10). Let n = c - s. What are the prime factors of n?
2
Let m be (-12)/(-42) - 102/14. Let b = 23 + m. List the prime factors of b.
2
Let g(u) = u**2 + 7*u + 1. Suppose 35 = 5*o - 10*o. Let c be g(o). Suppose 6 = k - c. What are the prime factors of k?
7
Let b(c) = c**2 + c - 1. Let h be b(-3). Suppose 3*m = -4*s + 6*m + 23, 2*m = -h*s. What are the prime factors of s?
2
What are the prime factors of (0 - 6)/((-3)/63)?
2, 3, 7
Suppose 3*t = 3*v + 45, 5*t + 3*v - 83 = 8. List the prime factors of t.
17
Let i(w) = -124*w. Let j be i(-1). Suppose -4*l + 5*d + j = 0, 2*d + 31 = l - 0*l. List the prime factors of l.
31
Let m(n) = -4*